60 + 39757 - 2*j + 4*j. Let f = -12 - -6. Let v = f + 8. Determine r(v).
1
Let j(b) = b**2 + 4*b + 2. Suppose 0 = 6*y - 29 - 7. Suppose -r + y*h - 8 = 5*h, 0 = r - 5*h + 24. What is j(r)?
2
Let y(d) be the third derivative of 1/60*d**5 + 0 - 10*d**2 + 7/6*d**3 - 2*d + 1/4*d**4. What is y(-5)?
2
Suppose -17 = -3*n - 4*q, 5*n + 3*q - 21 + 0 = 0. Suppose 5 + 0 = n*p + 5*d, 2*d = -4*p + 16. Let s(r) = 5 - p + 5*r + 1 + 6*r. Give s(1).
12
Let k(t) be the first derivative of -2*t**4 + 2*t**3/3 - 7*t**2/2 + 5*t + 3331. What is k(1)?
-8
Let y = -4313 - -4302. Let f(l) = l - l - 4 - l. What is f(y)?
7
Let b be (-6 + -2 + 5)/(10/70). Let f be 2/(-14) + 18/b. Let g(x) = 8*x + 3. Let y(j) = -j - 1. Let q(z) = g(z) + 3*y(z). Calculate q(f).
-5
Let i = 128 + -145. Let z(l) = 4*l + 12. Let t(n) = 11*n + 36. Let m(q) = i*z(q) + 6*t(q). Determine m(9).
-6
Let v(r) = -r - 9*r - 1237 + 1200. Give v(-5).
13
Let x(r) = 15*r - 5*r**2 + 22 + 4 + r**3 + 18 - 31*r + 15. What is x(6)?
-1
Let v(b) = -b**3 + 9*b**2 - 4. Suppose 0 = -11*j + 123 - 24. Calculate v(j).
-4
Let q(g) = -g**2 - 7. Let y = 240 - -429. Let v = y + -669. Determine q(v).
-7
Let q(n) = 2*n + 14. Suppose 128*w = 80*w - 33*w - 145*w. What is q(w)?
14
Let y = -15259 + 15261. Let o(i) be the third derivative of -32*i**y + 0 + 1/2*i**3 + 0*i + 1/24*i**4. What is o(0)?
3
Let s be (2/(-3))/(-1 + -1) + 8037/513. Let y(p) be the first derivative of 1/2*p**2 + 2/3*p**3 + s - p. What is y(-2)?
5
Let a be (-3)/(-9)*33 - (1 + 2). Suppose 0 = -a*c + 4*c + 16. Let s(u) = -25 + u**2 - c*u + 30 - 2*u. What is s(5)?
0
Let v(w) be the first derivative of 2*w**2 + 40*w - 5218. What is v(-9)?
4
Let q = -22730 - -22726. Let y(h) = -h**3 - 6*h**2 - 9*h - 4. Give y(q).
0
Suppose -388*i + 372*i = 48. Let l = 35 + -31. Let n(a) = -5*a - a - l + 7*a - 3*a. What is n(i)?
2
Let o(d) = -6*d + 1. Let r(k) = -k**2. Let z(a) = -o(a) - r(a). Let p(n) = -n**3 - 14*n**2 - 38*n + 14. Let c = -1055 + 1045. Let u be p(c). Give z(u).
-1
Let n(y) = 8 + 7 - y + 4. Let g = 877736 - 877728. Determine n(g).
11
Suppose -5*c + 70 = 5*b, -3*c - 44*b = -40*b - 49. Let p(l) be the first derivative of -l**2/2 - l + 3. Give p(c).
-8
Let v be 340/408*(5 + (1 - -1 - 1)). Let y(o) = -o**2 - 1. Let p(r) = 5*r**2 - r + 8. Let g(h) = -p(h) - 4*y(h). Determine g(v).
-24
Suppose -2*b + 10 = -3*t - 2, 3*t + 4*b + 12 = 0. Let o(u) be the first derivative of -5/2*u**2 - 133 + 5*u. Determine o(t).
25
Suppose -15 = -9*i - 15. Let y(n) = 11*n + 2*n**2 + i*n - 12 + 27 - 3*n**2 - 2. Give y(10).
23
Let d(k) = k**2 - 6*k - 3. Suppose -12 = 4*t, -3*g + 2*t + 12 = -2*t. Suppose 5*h + 9 = -1, g = 4*n + h + 18. Calculate d(n).
37
Suppose -2*q + 98 = 187 - 93. Let a(c) be the second derivative of 0 + 1/2*c**q - 1/3*c**3 + 12*c + 1/6*c**4. Determine a(1).
1
Let s(z) = 7*z**3 - 79*z**2 - 15*z - 4. Let x(w) = -8*w**3 + 92*w**2 + 17*w + 5. Let n(a) = 7*s(a) + 6*x(a). Determine n(2).
0
Let o(n) = -n**2 - n + 1. Let c = 113 - 109. Let i be (-5 + 7)/(c/6). Give o(i).
-11
Let n(g) be the second derivative of 0*g**3 + 0 - 1/20*g**5 + 116*g + 1/12*g**4 - 1/2*g**2. Determine n(1).
-1
Let c(a) be the third derivative of -a**4/24 - a**3 + a**2. Let d = 122 + -118. Let z be -15 + (-5 + d)*-7. Calculate c(z).
2
Let r(m) = -2*m**2 - m + 127*m**3 + 124*m**3 - 376*m**3 - 1 + 119*m**3. Calculate r(-1).
4
Let m(c) = -14*c + 37. Let f(o) = -3*o**3 + 38*o + 57. Let w be f(-2). Calculate m(w).
-33
Let s(i) = -5*i - 23. Let f be s(-5). Let m(n) = -f + 118*n**2 - 12*n - 119*n**2 + 6*n. Determine m(-3).
7
Suppose 0 = 4*u + 2*z - 10, 4*u - 6*u - 3*z + 3 = 0. Let v(a) = 7*a - u*a - 86 - 2*a + 53. Give v(16).
-1
Suppose 2*y = 2*w + 12, -2*y - 2 = -y + 3*w. Let g be y*(-2 - 1)*11/66. Let d be g - (4/1 + -3). Let r(z) = z**2 + 6*z - 3. What is r(d)?
-12
Let l(w) = -53*w - 96. Let k(q) = 3*q + 5. Let n(d) = 13*k(d) + l(d). Calculate n(-2).
-3
Let g(c) be the first derivative of c**2/2 + 25*c + 1468. What is g(-14)?
11
Let n(s) be the second derivative of 5*s**4/12 + 2*s**3/3 + 2*s**2 + 206122*s. Let b be ((-4)/6)/(4/6). What is n(b)?
5
Let r = 104733 - 104739. Let m(b) be the first derivative of -b**3/3 - 5*b**2/2 - 5*b + 1. Give m(r).
-11
Suppose 0 = -2*v + 23*z - 24*z + 15, 4*v = -z + 21. Let g(p) be the third derivative of 0 + 1/60*p**5 + 2*p**2 - 1/6*p**v + 1/6*p**4 + 0*p. Give g(-3).
-4
Let p(y) = y + 10. Suppose 3*j + 4*j - 56 = 0. Let b be ((-60)/j)/5*2. Calculate p(b).
7
Let g(q) be the first derivative of -37 - 1/6*q**3 - q**2 - 37*q - 1/10*q**5 - 1/4*q**4. Let y(w) be the first derivative of g(w). Give y(-2).
4
Let y(l) be the first derivative of l**4/4 - 7*l**3/3 - 2*l**2 - 10*l + 210. What is y(7)?
-38
Let v(x) = -8 + 43*x**3 + x**3 - 45*x**3 - x - 3. Let i = 3 + -3. Calculate v(i).
-11
Suppose 42*b - 21 = 44*b + i, 5*b - 3*i = -36. Let s(a) = -4*a - 18. What is s(b)?
18
Let m(f) = -f**2 - 2*f - 1. Let i(o) be the third derivative of -o**5/20 - o**4/12 + o**3/2 + 35*o**2. Let t be i(-2). Let v = t - -2. What is m(v)?
-4
Suppose -3 = p + 3*g, 495*p = 497*p + 5*g + 2. Let u(m) = -2*m**2 + 13*m - 14. Determine u(p).
-59
Let f(v) be the third derivative of v**6/120 - v**5/20 - v**4/24 - 43*v**3/3 - 102*v**2 - 27*v. Determine f(0).
-86
Let c be (-8)/1 - (-1 + -1). Let l(k) = 3*k**3 - 6*k**2 + 11*k - 14. Let p(h) = 2*h**3 - 7*h**2 + 13*h - 17. Let g(x) = c*l(x) + 5*p(x). Determine g(-1).
9
Let a(z) = -z**3 - 4*z**2 - 4*z. Let c be (-24)/(-12) - 267/(-3). Suppose -c*r + 90*r = 3. Give a(r).
3
Let b(z) = 2*z**2 - 4*z + 18*z - z**2 + 17. Let a = 47642 + -47654. Give b(a).
-7
Let v = -22 + 27. Let p = v + 45. Let n(m) = p - 113 + m + 56. Calculate n(0).
-7
Let s(l) = l**3 - 3*l**2 + 5*l - 4. Let x(a) = 110*a - 767. Let h be x(7). Determine s(h).
11
Let o(i) = i**3 - 7*i**2 - 7*i + 2. Let m = 107 - 92. Let b be 3 + 0 - m/(-3). Determine o(b).
10
Let w = -166 - -58. Let l be 46/8 + (-135)/w. Let d(t) = 3*t**2 + 5*t - 2*t**2 + 8 - 2*t**2. What is d(l)?
-6
Let d(u) = -u**2 + u - 1. Let p be -3*(-57)/(-27)*24 + -4. Let q = 156 + p. Give d(q).
-1
Let j = 77 + 30. Let z = j + -102. Let p(l) = -l**2 + 7*l - 3. Give p(z).
7
Let o(n) be the first derivative of n**3/6 + 6*n**2 - 24*n - 51. Let y(k) be the first derivative of o(k). Calculate y(-9).
3
Suppose -34 = -23*h + 6*h. Let g(b) = -4*b**h - 13*b**3 - 144*b + 147*b + 18*b**3 - 1. Give g(2).
29
Suppose 3*s = -2*i + 129 - 135, -3*i = -3*s - 21. Let p(w) be the second derivative of 0 - 4*w + 1/20*w**5 + w**3 + 1/2*w**4 + 5/2*w**2. Calculate p(s).
13
Let h = 249 - 246. Let t(a) = h - 2 - 21*a + 28*a. Suppose -i - 3*i + 8 = 0. Calculate t(i).
15
Let z(n) = -n - 8. Suppose -2*f + 0*f + 4*a + 16 = 0, 0 = -3*a - 6. Suppose -23*b = -2*w - 22*b - 8, -f*w + b = 16. Calculate z(w).
-4
Suppose -2*h = -2*g + 14, 0 = 2*g - 0*g + 4*h - 14. Let p(l) = -l**3 + 19*l**2 - 83*l - 9. Calculate p(g).
-2
Let o(p) = 12*p + 12*p + 17 - 10*p - p + p**2. Let a(u) = 22*u + 2255. Let c be a(-103). Give o(c).
-5
Let g(j) = 20*j - 39. Let d(r) = 42*r - 97. Let o(b) = 2*d(b) - 5*g(b). Give o(-1).
17
Let q(w) = -2*w**2 - 6*w. Suppose 0 = -5*b + v + 26, -v = 9*b - 10*b + 6. Let h be (11 - 9)*(3 - b). Calculate q(h).
-8
Let h(u) = 19*u - 175. Let m be (168/(-91) - -2) + (-1380)/(-156). Determine h(m).
-4
Let m(v) = -v**3 - 1. Let b(a) = -6*a**2 - a - 4. Let z(i) = -b(i) + m(i). Suppose 3242*l - 50 + 2 = 3234*l. Determine z(l).
9
Let g(d) be the second derivative of -d**3/6 + d**2 + d. Let m be ((-18)/(-12))/(11/(-22)). Let n(t) = t - 3. Let w(k) = m*n(k) - 2*g(k). What is w(7)?
-2
Let s(g) be the second derivative of 3*g**5/20 + 3*g**3/2 + 8*g**2 + 11*g + 27. Determine s(-3).
-92
Let r(p) = -12*p**2 - 21*p - 437 + 251 + 188. Give r(-2).
-4
Let v(t) = -t + 7. Let i(u) = u**3 + 38*u**2 + 171*u + 189. Let r be i(-33). Calculate v(r).
16
Let a(t) = 2*t**2 + 34*t - 123. Let b(v) = v**2 + 17*v - 53. Let z(i) = 2*a(i) - 5*b(i). What is z(-19)?
-19
Let d be 23*144/414 - (-1*5)/1. Let u(q) = -q**3 + 14*q**2 - 9*q - 50. Determine u(d).
2
Let i(f) = -f - 110370 + 110338 - f - 2*f**2. Give i(0).
-32
Let j(s) = s - 7. Let z be j(9). Let p(q) = -2*q**2 + 5*q**z - 3 - q**3 - 4*q**2. Let l = 842 - 842. Calculate p(l).
-3
Let s(q) = -3119*q**3 + 1 - 3112*q**3 - 3116*q**3 - q**2 + 9342*q**3. Calculate s(1).